{"id":17,"date":"2025-01-10T02:26:55","date_gmt":"2025-01-10T02:26:55","guid":{"rendered":"https:\/\/amiable-anna-xd.zipwp.site\/?page_id=17"},"modified":"2025-01-10T04:50:37","modified_gmt":"2025-01-10T04:50:37","slug":"servicios","status":"publish","type":"page","link":"https:\/\/intercommx.net\/sitio\/servicios\/","title":{"rendered":"Servicios"},"content":{"rendered":"\n<div class=\"wp-block-uagb-container uagb-block-e5972208 alignfull uagb-is-root-container\"><div class=\"uagb-container-inner-blocks-wrap\">\n<div class=\"wp-block-uagb-advanced-heading uagb-block-b371cc12\"><p class=\"uagb-desc-text\">Servicios de Comunicaci\u00f3n<\/p><h1 class=\"uagb-heading-text\">Soluciones Innovadoras en Tecnolog\u00edas de la Informaci\u00f3n<\/h1><\/div>\n<\/div><\/div>\n\n\n\n<div class=\"wp-block-uagb-container uagb-block-edca4a69 alignfull uagb-is-root-container\"><div class=\"uagb-container-inner-blocks-wrap\">\n<div class=\"wp-block-uagb-container uagb-layout-grid uagb-block-53eeea40\">\n<div class=\"wp-block-uagb-container uagb-block-66ce8d2d\">\n<div class=\"wp-block-uagb-info-box uagb-block-68e6db93 uagb-infobox__content-wrap  uagb-infobox-icon-above-title uagb-infobox-image-valign-top\"><div class=\"uagb-ifb-content\"><div class=\"uagb-ifb-title-wrap\"><span class=\"uagb-ifb-title-prefix\">01.<\/span><h2 class=\"uagb-ifb-title\">Telecomunicaciones<\/h2><\/div><p class=\"uagb-ifb-desc\">Ofrecemos soluciones de telecomunicaciones que se adaptan a las necesidades espec\u00edficas de su negocio. Nuestro enfoque incluye dise\u00f1o, implementaci\u00f3n y gesti\u00f3n de redes, garantizando una comunicaci\u00f3n fluida y efectiva entre todos los niveles de su organizaci\u00f3n.<\/p><\/div><\/div>\n<\/div>\n\n\n\n<div class=\"wp-block-uagb-image uagb-block-185affb3 wp-block-uagb-image--layout-default wp-block-uagb-image--effect-static wp-block-uagb-image--align-none\"><figure class=\"wp-block-uagb-image__figure\"><img decoding=\"async\" srcset=\"https:\/\/intercommx.net\/sitio\/wp-content\/uploads\/2025\/01\/person-dialing-the-telephone-7580908.jpeg ,https:\/\/intercommx.net\/sitio\/wp-content\/uploads\/2025\/01\/person-dialing-the-telephone-7580908.jpeg 780w, https:\/\/intercommx.net\/sitio\/wp-content\/uploads\/2025\/01\/person-dialing-the-telephone-7580908.jpeg 360w\" sizes=\"auto, (max-width: 480px) 150px\" src=\"https:\/\/intercommx.net\/sitio\/wp-content\/uploads\/2025\/01\/person-dialing-the-telephone-7580908.jpeg\" alt=\"\" class=\"uag-image-279\" width=\"600\" height=\"400\" title=\"services-01\" loading=\"lazy\" role=\"img\"\/><\/figure><\/div>\n<\/div>\n\n\n\n<div class=\"wp-block-uagb-container uagb-layout-grid uagb-block-b255260d\">\n<div class=\"wp-block-uagb-image uagb-block-b86a27d4 wp-block-uagb-image--layout-default wp-block-uagb-image--effect-static wp-block-uagb-image--align-none\"><figure class=\"wp-block-uagb-image__figure\"><img decoding=\"async\" srcset=\"https:\/\/intercommx.net\/sitio\/wp-content\/uploads\/2025\/01\/shallow-focus-photo-of-smiling-man-wearing-black-headset-7682203.jpeg ,https:\/\/intercommx.net\/sitio\/wp-content\/uploads\/2025\/01\/shallow-focus-photo-of-smiling-man-wearing-black-headset-7682203.jpeg 780w, https:\/\/intercommx.net\/sitio\/wp-content\/uploads\/2025\/01\/shallow-focus-photo-of-smiling-man-wearing-black-headset-7682203.jpeg 360w\" sizes=\"auto, (max-width: 480px) 150px\" src=\"https:\/\/intercommx.net\/sitio\/wp-content\/uploads\/2025\/01\/shallow-focus-photo-of-smiling-man-wearing-black-headset-7682203.jpeg\" alt=\"\" class=\"uag-image-293\" width=\"600\" height=\"400\" title=\"services-02\" loading=\"lazy\" role=\"img\"\/><\/figure><\/div>\n\n\n\n<div class=\"wp-block-uagb-container uagb-block-06f958a5\">\n<div class=\"wp-block-uagb-info-box uagb-block-eda0d834 uagb-infobox__content-wrap  uagb-infobox-icon-above-title uagb-infobox-image-valign-top\"><div class=\"uagb-ifb-content\"><div class=\"uagb-ifb-title-wrap\"><span class=\"uagb-ifb-title-prefix\">02.<\/span><h2 class=\"uagb-ifb-title\">Consultor\u00eda TI<\/h2><\/div><p class=\"uagb-ifb-desc\">Nuestro equipo de consultores en tecnolog\u00edas de la informaci\u00f3n trabaja para identificar oportunidades de mejora en su infraestructura tecnol\u00f3gica y procesos. Proporcionamos estrategias personalizadas que aumentan la eficiencia y rendimiento de su empresa, asegurando que est\u00e9 a la vanguardia del sector.<\/p><\/div><\/div>\n<\/div>\n<\/div>\n\n\n\n<div class=\"wp-block-uagb-container uagb-layout-grid uagb-block-13bfb87f\">\n<div class=\"wp-block-uagb-container uagb-block-698e6038\">\n<div class=\"wp-block-uagb-info-box uagb-block-54640af0 uagb-infobox__content-wrap  uagb-infobox-icon-above-title uagb-infobox-image-valign-top\"><div class=\"uagb-ifb-content\"><div class=\"uagb-ifb-title-wrap\"><span class=\"uagb-ifb-title-prefix\">03.<\/span><h2 class=\"uagb-ifb-title\">Gesti\u00f3n de Proyectos<\/h2><\/div><p class=\"uagb-ifb-desc\">Ofrecemos gesti\u00f3n de proyectos tecnol\u00f3gica desde la planificaci\u00f3n hasta la ejecuci\u00f3n. Nuestra experiencia en diferentes \u00e1reas tecnol\u00f3gicas nos permite liderar proyectos exitosos, asegurando que se completen a tiempo, dentro del presupuesto y cumpliendo con los objetivos de calidad establecidos por nuestros clientes.<\/p><\/div><\/div>\n<\/div>\n\n\n\n<div class=\"wp-block-uagb-image uagb-block-945a1bf4 wp-block-uagb-image--layout-default wp-block-uagb-image--effect-static wp-block-uagb-image--align-none\"><figure class=\"wp-block-uagb-image__figure\"><img decoding=\"async\" srcset=\"https:\/\/intercommx.net\/sitio\/wp-content\/uploads\/2025\/01\/woman-using-laptop-while-talking-on-the-phone-7191175.jpeg ,https:\/\/intercommx.net\/sitio\/wp-content\/uploads\/2025\/01\/woman-using-laptop-while-talking-on-the-phone-7191175.jpeg 780w, https:\/\/intercommx.net\/sitio\/wp-content\/uploads\/2025\/01\/woman-using-laptop-while-talking-on-the-phone-7191175.jpeg 360w\" sizes=\"auto, (max-width: 480px) 150px\" src=\"https:\/\/intercommx.net\/sitio\/wp-content\/uploads\/2025\/01\/woman-using-laptop-while-talking-on-the-phone-7191175.jpeg\" alt=\"\" class=\"uag-image-292\" width=\"600\" height=\"400\" title=\"services-03\" loading=\"lazy\" role=\"img\"\/><\/figure><\/div>\n<\/div>\n\n\n\n<div class=\"wp-block-uagb-container uagb-layout-grid uagb-block-98083caf\">\n<div class=\"wp-block-uagb-image uagb-block-8b2a76cc wp-block-uagb-image--layout-default wp-block-uagb-image--effect-static wp-block-uagb-image--align-none\"><figure class=\"wp-block-uagb-image__figure\"><img decoding=\"async\" srcset=\"https:\/\/intercommx.net\/sitio\/wp-content\/uploads\/2025\/01\/ethernet-cables-plugged-on-a-server-rack-1054397.jpeg ,https:\/\/intercommx.net\/sitio\/wp-content\/uploads\/2025\/01\/ethernet-cables-plugged-on-a-server-rack-1054397.jpeg 780w, https:\/\/intercommx.net\/sitio\/wp-content\/uploads\/2025\/01\/ethernet-cables-plugged-on-a-server-rack-1054397.jpeg 360w\" sizes=\"auto, (max-width: 480px) 150px\" src=\"https:\/\/intercommx.net\/sitio\/wp-content\/uploads\/2025\/01\/ethernet-cables-plugged-on-a-server-rack-1054397.jpeg\" alt=\"\" class=\"uag-image-283\" width=\"600\" height=\"400\" title=\"services-04\" loading=\"lazy\" role=\"img\"\/><\/figure><\/div>\n\n\n\n<div class=\"wp-block-uagb-container uagb-block-9627d3ce\">\n<div class=\"wp-block-uagb-info-box uagb-block-d2e51d04 uagb-infobox__content-wrap  uagb-infobox-icon-above-title uagb-infobox-image-valign-top\"><div class=\"uagb-ifb-content\"><div class=\"uagb-ifb-title-wrap\"><span class=\"uagb-ifb-title-prefix\">04.<\/span><h2 class=\"uagb-ifb-title\">Capacitaci\u00f3n y Soporte<\/h2><\/div><p class=\"uagb-ifb-desc\">Brindamos programas de capacitaci\u00f3n y soporte continuo a su equipo, para asegurar una adecuada implementaci\u00f3n de nuestras soluciones tecnol\u00f3gicas. Nuestro compromiso es acompa\u00f1ar a nuestros clientes, garantizando que maximicen el uso de nuestras herramientas y metodolog\u00eda, impulsando su desarrollo profesional y empresarial.<\/p><\/div><\/div>\n<\/div>\n<\/div>\n<\/div><\/div>\n\n\n\n<div class=\"wp-block-uagb-container uagb-block-353480fd alignfull uagb-is-root-container\"><div class=\"uagb-container-inner-blocks-wrap\">\n<div class=\"wp-block-uagb-info-box uagb-block-289af9f9 uagb-infobox__content-wrap  uagb-infobox-icon-above-title uagb-infobox-image-valign-top\"><div class=\"uagb-ifb-content\"><div class=\"uagb-ifb-title-wrap\"><h2 class=\"uagb-ifb-title\">\u00bfListo para transformar tu empresa?<\/h2><\/div><p class=\"uagb-ifb-desc\">Contacta a nuestro equipo y descubre c\u00f3mo podemos ayudarte a alcanzar tus metas tecnol\u00f3gicas.<\/p><div class=\"uagb-ifb-button-wrapper wp-block-button\"><a href=\"\/sitio\/contact\/\" class=\"uagb-infobox-cta-link wp-block-button__link\" target=\"_self\" rel=\"noopener noreferrer\" onclick=\"return true;\"><span class=\"uagb-inline-editing\">Cont\u00e1ctanos<\/span><\/a><\/div><\/div><\/div>\n<\/div><\/div>\n","protected":false},"excerpt":{"rendered":"<p>Servicios de Comunicaci\u00f3n Soluciones Innovadoras en Tecnolog\u00edas de la Informaci\u00f3n<\/p>\n","protected":false},"author":4,"featured_media":0,"parent":0,"menu_order":0,"comment_status":"closed","ping_status":"closed","template":"","meta":{"_uag_custom_page_level_css":"","site-sidebar-layout":"default","site-content-layout":"","ast-site-content-layout":"default","site-content-style":"default","site-sidebar-style":"default","ast-global-header-display":"","ast-banner-title-visibility":"","ast-main-header-display":"","ast-hfb-above-header-display":"","ast-hfb-below-header-display":"","ast-hfb-mobile-header-display":"","site-post-title":"disabled","ast-breadcrumbs-content":"","ast-featured-img":"","footer-sml-layout":"","ast-disable-related-posts":"","theme-transparent-header-meta":"","adv-header-id-meta":"","stick-header-meta":"","header-above-stick-meta":"","header-main-stick-meta":"","header-below-stick-meta":"","astra-migrate-meta-layouts":"default","ast-page-background-enabled":"default","ast-page-background-meta":{"desktop":{"background-color":"var(--ast-global-color-4)","background-image":"","background-repeat":"repeat","background-position":"center center","background-size":"auto","background-attachment":"scroll","background-type":"","background-media":"","overlay-type":"","overlay-color":"","overlay-opacity":"","overlay-gradient":""},"tablet":{"background-color":"","background-image":"","background-repeat":"repeat","background-position":"center center","background-size":"auto","background-attachment":"scroll","background-type":"","background-media":"","overlay-type":"","overlay-color":"","overlay-opacity":"","overlay-gradient":""},"mobile":{"background-color":"","background-image":"","background-repeat":"repeat","background-position":"center center","background-size":"auto","background-attachment":"scroll","background-type":"","background-media":"","overlay-type":"","overlay-color":"","overlay-opacity":"","overlay-gradient":""}},"ast-content-background-meta":{"desktop":{"background-color":"var(--ast-global-color-5)","background-image":"","background-repeat":"repeat","background-position":"center center","background-size":"auto","background-attachment":"scroll","background-type":"","background-media":"","overlay-type":"","overlay-color":"","overlay-opacity":"","overlay-gradient":""},"tablet":{"background-color":"var(--ast-global-color-5)","background-image":"","background-repeat":"repeat","background-position":"center center","background-size":"auto","background-attachment":"scroll","background-type":"","background-media":"","overlay-type":"","overlay-color":"","overlay-opacity":"","overlay-gradient":""},"mobile":{"background-color":"var(--ast-global-color-5)","background-image":"","background-repeat":"repeat","background-position":"center center","background-size":"auto","background-attachment":"scroll","background-type":"","background-media":"","overlay-type":"","overlay-color":"","overlay-opacity":"","overlay-gradient":""}},"footnotes":""},"class_list":["post-17","page","type-page","status-publish","hentry"],"uagb_featured_image_src":{"full":false,"thumbnail":false,"medium":false,"medium_large":false,"large":false,"1536x1536":false,"2048x2048":false},"uagb_author_info":{"display_name":"qhmtghrdrgwk","author_link":"https:\/\/intercommx.net\/sitio\/author\/qhmtghrdrgwk\/"},"uagb_comment_info":0,"uagb_excerpt":"Servicios de Comunicaci\u00f3n Soluciones Innovadoras en Tecnolog\u00edas de la Informaci\u00f3n","_links":{"self":[{"href":"https:\/\/intercommx.net\/sitio\/wp-json\/wp\/v2\/pages\/17","targetHints":{"allow":["GET"]}}],"collection":[{"href":"https:\/\/intercommx.net\/sitio\/wp-json\/wp\/v2\/pages"}],"about":[{"href":"https:\/\/intercommx.net\/sitio\/wp-json\/wp\/v2\/types\/page"}],"author":[{"embeddable":true,"href":"https:\/\/intercommx.net\/sitio\/wp-json\/wp\/v2\/users\/4"}],"replies":[{"embeddable":true,"href":"https:\/\/intercommx.net\/sitio\/wp-json\/wp\/v2\/comments?post=17"}],"version-history":[{"count":2,"href":"https:\/\/intercommx.net\/sitio\/wp-json\/wp\/v2\/pages\/17\/revisions"}],"predecessor-version":[{"id":310,"href":"https:\/\/intercommx.net\/sitio\/wp-json\/wp\/v2\/pages\/17\/revisions\/310"}],"wp:attachment":[{"href":"https:\/\/intercommx.net\/sitio\/wp-json\/wp\/v2\/media?parent=17"}],"curies":[{"name":"wp","href":"https:\/\/api.w.org\/{rel}","templated":true}]}}